at is the tens digit of j?
3
Let g = -14 + 29. Suppose -r + 5*r - 2*x = -38, 4*r + x + 35 = 0. Let p = g + r. What is the units digit of p?
6
Suppose -3*v = 3*r + r - 125, 3*r = 3*v + 78. What is the tens digit of r?
2
Suppose -2*g + 0 - 10 = 0. Let w(s) = s**2 + 3*s - 7. Let d be w(g). Suppose -8 - 4 = -d*p. What is the units digit of p?
4
Let t(s) = 5*s**3 + 3*s**2 + 6*s - 5. Let a(o) = 11*o**3 + 5*o**2 + 13*o - 11. Let u(m) = -4*a(m) + 9*t(m). What is the tens digit of u(-6)?
2
Let t(h) = -h + 1. Let n be t(-1). Suppose -3*c + 70 = n*c. What is the tens digit of c?
1
Suppose 3*c - 7*c = -128. What is the tens digit of c?
3
Suppose g - 2*p = 16 + 2, 0 = 4*p. Suppose -27 = -6*o + 3*o. Suppose 4*i - 2*q = g, q - o = -2*q. What is the units digit of i?
6
Let t = 74 + 3. What is the tens digit of t?
7
Let x(h) = h**2 + h - 3. Let o be x(-3). Let q = o - -11. What is the tens digit of q?
1
Let a(f) = -f**2 + 6*f - 4. Let y be a(3). Suppose -2*o + 4 = y*m, o - 4 = -o + 4*m. What is the tens digit of 3*(o + (-21)/(-9))?
1
What is the tens digit of 38/((-2)/7 + (-44)/(-56))?
7
Let v(t) be the first derivative of t**4/4 + t**3 - 5*t**2/2 - 1. Let a be v(-4). Suppose g + s - a + 2 = 0, -5*s = -5. What is the units digit of g?
1
Let t(m) = -m**3 + 6*m**2 - 7*m + 6. Let o(u) = -u**2 - 5*u + 5. Let s be o(-5). Let j be t(s). Let y(f) = -2*f - 3. What is the units digit of y(j)?
5
Let b(g) = -g**3. Let s(r) = 4*r**3 + 6*r**2 + 3*r. Let f(o) = 3*b(o) + s(o). What is the tens digit of f(-5)?
1
What is the units digit of (5/(-3))/(((-10)/285)/2)?
5
Suppose -25 = -5*r - 2*f, 6*r + 3*f - 24 = 3*r. Let y be 1/r - 41/(-3). Suppose 4*w - 6 = y. What is the units digit of w?
5
Let w(q) = q**3 - 4*q**2 - 16*q + 6. What is the units digit of w(7)?
1
Let d = 10 + -7. Suppose -v = -d - 8. What is the tens digit of v?
1
Suppose 0*u - 230 = 5*u. What is the units digit of (-3)/(-6) + u/(-4)?
2
Suppose -2*i + 0*z + z + 34 = 0, 5*z + 10 = 0. What is the tens digit of i?
1
Suppose -414 = -g - 2*g - 3*b, 0 = -2*g + 5*b + 255. What is the units digit of g?
5
Let i(q) = -15*q + 2. What is the units digit of i(-1)?
7
Suppose -3*r + 87 + 2 = 2*m, -3*r + 5*m + 61 = 0. What is the units digit of r?
7
Let g(h) = -h**3 - 3*h**2 - 3*h - 2. Let c be g(-2). Suppose c = x - 6*x. Suppose x = -5*r + 7 + 13. What is the units digit of r?
4
Suppose -i = i - 248. Suppose 5*m = 4*r + 164, 0 = -8*m + 4*m - 4*r + i. What is the units digit of m?
2
Suppose -3*a - 5*n = -656, -4*n + 570 = 4*a - 318. What is the tens digit of a?
2
What is the tens digit of ((-912)/(-72))/((-1)/(18/(-4)))?
5
What is the units digit of 4/(-18) - 280/(-45)?
6
Let z = -361 + 597. What is the tens digit of z?
3
Let s = 3 + -17. Let g = s + 27. What is the units digit of g?
3
Let n be (-2)/(-3) + (-7)/(-3). Suppose -6*h = n*t - 3*h, t - h = 0. Suppose s - 4 - 3 = t. What is the units digit of s?
7
Let d = 140 - -99. What is the hundreds digit of d?
2
What is the units digit of (-680)/(-26) + (-24)/156?
6
Suppose 0*u = 2*i + 3*u, 4*i - 4*u = 0. Suppose i*a - a + 9 = 0. What is the units digit of a?
9
Suppose 0 = -3*m + 31 + 8. Suppose -3 = -4*h + m. Suppose 0 = -r, b + 3*b - 28 = h*r. What is the units digit of b?
7
Let l = -86 - -230. What is the units digit of l?
4
Let o = 5 + 15. Suppose 0 = -2*g + u + o, -u = 4*u. What is the units digit of g?
0
Suppose -c - c - 8 = 0. What is the tens digit of ((-26)/(-4))/(c/(-8))?
1
Let v = -64 + 116. What is the units digit of v?
2
Let l(m) = 3*m**2 + 7*m + 1. Let j(u) = -7*u - 3*u + 4*u - 1 + 0*u**2 - 3*u**2. Let c(p) = -3*j(p) - 2*l(p). What is the units digit of c(-3)?
6
Let a = 1 + 1. Suppose -p + a*p = 37. What is the units digit of p?
7
Suppose -58 = -q - g, 0 = -2*g - 7 + 17. What is the units digit of q?
3
Let k(t) = 0 + 0 - t - 3 - t. Let u be k(-4). Let c = -1 + u. What is the units digit of c?
4
Let x(j) = 4*j - 6. What is the units digit of x(8)?
6
What is the tens digit of (4/(-3) + 2)*135?
9
Let t(l) = -l + 4. Let c be t(-3). Suppose c*o = 2*o - 20, -4*n - o + 4 = 0. Suppose 6 = 4*f + n. What is the units digit of f?
1
Let s(k) = k**3 + 6*k**2 + 2. Let q be s(-6). Suppose -5*f + q*j = -255, j = 3*f + 3*j - 153. Let p = f + -36. What is the units digit of p?
5
Let m = -89 + 186. What is the units digit of m?
7
Let k(h) = -2*h**3 + 2*h**2 - 1. Let l be k(-1). Let p = l - -2. Suppose -p*s + 4*j = -52, 0 = 2*s - 5*s - 4*j + 12. What is the units digit of s?
8
Let z be (-40)/8 - 1*-1. Let f(p) = p**2 + 3*p + 5. What is the units digit of f(z)?
9
Let c(v) = -v**2 + 6*v - 4. Let r(n) = n - 1. Suppose 0 = 4*u - u - 15. Let k be r(u). What is the units digit of c(k)?
4
Let b(q) = -q**3 - 4*q**2 - q - 1. Let r be b(-4). What is the units digit of (-134)/(-8) + r/(-4)?
6
What is the tens digit of (-4)/(-6) + (-746)/(-6) + -2?
2
Let c(i) = i**3 + 2*i**2 - 2*i. Let p be c(-2). Suppose -2*r + 22 = -0*t - p*t, -5*r - t + 110 = 0. What is the units digit of r?
1
Let n be (2 + 0)*(-2)/4. Let z(q) = -4*q. What is the units digit of z(n)?
4
Let t be 2/((-6)/10 - -1). Suppose 3*v + 0 = -6. Let l = t - v. What is the units digit of l?
7
Suppose -2*c + 7 + 3 = 0. Let g(d) = 13*d**2 + 3*d - 3. Let q(y) = 7*y**2 + 2*y - 2. Let h(b) = 6*g(b) - 11*q(b). What is the units digit of h(c)?
9
Let m(k) = k + 5. Let g be (0 - 0/1)/2. What is the units digit of m(g)?
5
Let m(j) = j**2 - 2. Suppose -b + 2 = -1. Let h be m(b). Suppose -3*v = -h*v + 8. What is the units digit of v?
2
Suppose 0*i - 2*i + 10 = 0. Suppose -b = 4*x + 8, 3*b + 4*x - 3*x - 9 = 0. Suppose -4*z = 3*v - 0*v - 14, 0 = i*v + b*z - 18. What is the units digit of v?
2
Suppose 2*o + 2*o = 12. Suppose -3*d + 60 = o. What is the tens digit of d?
1
Let x(o) be the first derivative of o**3/3 + 11*o**2/2 + 6*o + 5. What is the tens digit of x(-12)?
1
Let a(n) = -n + 6. Let k be a(3). Suppose 5*w = -3*v + 23, 0 = -w - 0*v + v + k. Suppose -w*c + 7 + 9 = 0. What is the units digit of c?
4
Let t(x) be the first derivative of x**3/3 + 13*x**2/2 + 18*x - 7. What is the units digit of t(-12)?
6
Let i be (-1)/(-6) + 231/18. Let y = i - 28. Let p = y - -27. What is the tens digit of p?
1
Let w(n) = -3*n - 5. Let f be w(-9). What is the tens digit of 2/(-11) + 554/f?
2
Suppose 3*c - 2*c + 4*k - 26 = 0, -c = 3*k - 22. Let h = -4 + c. Let w(y) = -y**3 + 5*y**2 + 10*y - 7. What is the tens digit of w(h)?
1
Suppose 4*j + 16 = 2*t - 10, 0 = 4*t + 2*j - 2. Suppose 0*s - t = 3*s. Let b = s - -8. What is the units digit of b?
7
Let r = 124 + -69. Let o = -30 + r. What is the units digit of o?
5
Let m(p) = -p**3 - 8*p**2 - p - 3. Let j = 5 + -13. What is the units digit of m(j)?
5
Let o = -19 - -34. What is the units digit of o?
5
What is the tens digit of 80/3 + (-2)/(-6)?
2
Suppose 2*r + r - 2*i - 83 = 0, -110 = -4*r + 3*i. Suppose 0*g = -g - 5*t + r, 5*t + 25 = 5*g. What is the units digit of g?
9
Let r be (2 - 3/1) + 5. What is the tens digit of 111/6 + (-2)/r?
1
What is the units digit of (202 - (2 + 2))*1?
8
Suppose 2*g = 4*u - 14, -3*g = 2*u + 5 + 8. Let s be 6/(u + (-10)/4). Let d(a) = a + 7. What is the units digit of d(s)?
3
Suppose -24*x + 19*x = -915. What is the tens digit of x?
8
Let h = 148 - 79. What is the units digit of h?
9
Suppose 4*d = -d. Suppose d = -2*z + 2*y + 48, 3*z + 3*y = 9 + 87. What is the tens digit of z?
2
Let l = -6 + 66. What is the tens digit of l?
6
Let m be 3 - (58*2)/4. What is the units digit of 2/(-13) + (-914)/m?
5
Let s = -2 + 3. Suppose 2*u - 4*a = 2 + 2, 0 = 4*u + 3*a - 8. Let q = u - s. What is the units digit of q?
1
Suppose -5*a = 3*f + 2 - 3, 0 = 4*f - 3*a - 11. What is the units digit of 12*(f + (-4)/16)?
1
What is the units digit of 3*(-12)/9*1 + 104?
0
Suppose x = -x - 4. Let l = 15 + x. What is the tens digit of l?
1
Let g be -7 + 8 + (-1 - -1). Let k be (-2)/(-1) - (g + -1). Let q = k + -1. What is the units digit of q?
1
Let v be 1 - (-5 + -3 + 2). Suppose 0 = -8*t + v*t + 3. Suppose -10 = -n - t. What is the units digit of n?
7
Let x = 2 + -4. Let h be (-42)/(-54) - x/9. Let i = h + 17. What is the tens digit of i?
1
Let b = 9 - 5. What is the units digit of 18/(-12)*b/(-3)?
2
Suppose -2*q + 3*q - 9 = 0. Let s = q + -3. What is the units digit of s?
6
Suppose 16 + 4 = -4*t. Let g = t - -12. Wha